late the remainder when 490997 is divided by 11.
1
What is the remainder when 29851 is divided by 73?
67
What is the remainder when 192660 is divided by 2535?
0
Calculate the remainder when 6916 is divided by 2254.
154
What is the remainder when 70405 is divided by 28?
13
What is the remainder when 71260 is divided by 792?
772
What is the remainder when 54993 is divided by 50?
43
What is the remainder when 70365 is divided by 3516?
45
Calculate the remainder when 4617 is divided by 1465.
222
What is the remainder when 91916 is divided by 159?
14
Calculate the remainder when 3432458 is divided by 191.
188
What is the remainder when 1962763 is divided by 724?
723
Calculate the remainder when 32073 is divided by 58.
57
What is the remainder when 6465 is divided by 17?
5
Calculate the remainder when 2245 is divided by 434.
75
What is the remainder when 220157 is divided by 512?
509
What is the remainder when 205013 is divided by 204975?
38
What is the remainder when 57663 is divided by 16?
15
What is the remainder when 22088 is divided by 2005?
33
Calculate the remainder when 4149 is divided by 519.
516
Calculate the remainder when 594 is divided by 135.
54
Calculate the remainder when 29243 is divided by 62.
41
Calculate the remainder when 11626 is divided by 2120.
1026
What is the remainder when 3898 is divided by 951?
94
Calculate the remainder when 59166 is divided by 107.
102
Calculate the remainder when 600 is divided by 260.
80
What is the remainder when 199631 is divided by 7677?
29
What is the remainder when 2002 is divided by 166?
10
Calculate the remainder when 1302 is divided by 57.
48
Calculate the remainder when 74332 is divided by 13.
11
Calculate the remainder when 101479 is divided by 5968.
23
What is the remainder when 11971 is divided by 225?
46
Calculate the remainder when 2435 is divided by 53.
50
Calculate the remainder when 7484 is divided by 1496.
4
Calculate the remainder when 251265 is divided by 13956.
57
What is the remainder when 934 is divided by 621?
313
Calculate the remainder when 1182 is divided by 19.
4
What is the remainder when 954 is divided by 338?
278
Calculate the remainder when 80085 is divided by 14.
5
What is the remainder when 3620 is divided by 328?
12
What is the remainder when 984 is divided by 24?
0
What is the remainder when 2195 is divided by 3?
2
What is the remainder when 57394 is divided by 23?
9
What is the remainder when 24302 is divided by 1514?
78
Calculate the remainder when 144996 is divided by 6590.
16
What is the remainder when 21632 is divided by 2699?
40
Calculate the remainder when 3963 is divided by 27.
21
What is the remainder when 76669 is divided by 1445?
84
What is the remainder when 510124 is divided by 25?
24
What is the remainder when 2365 is divided by 2256?
109
Calculate the remainder when 1553 is divided by 559.
435
What is the remainder when 1143 is divided by 297?
252
Calculate the remainder when 18611 is divided by 245.
236
Calculate the remainder when 534 is divided by 416.
118
What is the remainder when 461651 is divided by 51?
50
Calculate the remainder when 384477 is divided by 32.
29
What is the remainder when 123992 is divided by 494?
492
What is the remainder when 33860 is divided by 6771?
5
Calculate the remainder when 1445 is divided by 41.
10
What is the remainder when 13358 is divided by 1607?
502
What is the remainder when 191234 is divided by 28?
22
What is the remainder when 5379 is divided by 264?
99
Calculate the remainder when 2595 is divided by 243.
165
What is the remainder when 4299 is divided by 9?
6
Calculate the remainder when 7843 is divided by 14.
3
Calculate the remainder when 15970 is divided by 33.
31
Calculate the remainder when 14819 is divided by 285.
284
What is the remainder when 2477 is divided by 86?
69
Calculate the remainder when 15548 is divided by 739.
29
Calculate the remainder when 640 is divided by 359.
281
What is the remainder when 17796 is divided by 5930?
6
What is the remainder when 28906 is divided by 9623?
37
What is the remainder when 33446 is divided by 6?
2
Calculate the remainder when 1636 is divided by 18.
16
Calculate the remainder when 36839 is divided by 1117.
1095
What is the remainder when 835 is divided by 90?
25
Calculate the remainder when 358633 is divided by 19.
8
Calculate the remainder when 89 is divided by 4.
1
What is the remainder when 45559 is divided by 143?
85
What is the remainder when 326707 is divided by 13?
4
What is the remainder when 289334 is divided by 28?
10
What is the remainder when 16623 is divided by 4?
3
Calculate the remainder when 4273 is divided by 93.
88
What is the remainder when 902 is divided by 157?
117
What is the remainder when 82214 is divided by 82212?
2
What is the remainder when 163328 is divided by 303?
11
Calculate the remainder when 23555 is divided by 327.
11
Calculate the remainder when 798 is divided by 792.
6
What is the remainder when 15486 is divided by 44?
42
Calculate the remainder when 4801 is divided by 33.
16
Calculate the remainder when 283644 is divided by 16.
12
What is the remainder when 50127 is divided by 557?
554
Calculate the remainder when 10057 is divided by 1653.
139
What is the remainder when 26860 is divided by 6704?
44
What is the remainder when 36992 is divided by 49?
46
What is the remainder when 94914 is divided by 31638?
0
What is the remainder when 984557 is divided by 62?
59
What is the remainder when 5308 is divided by 1751?
55
What is the remainder when 951 is divided by 772?
179
Calculate the remainder when 35199 is divided by 121.
109
What is the remainder when 140666 is divided by 3271?
13
Calculate the remainder when 40198 is divided by 990.
598
Calculate the remainder when 1163 is divided by 369.
56
What is the remainder when 53915 is divided by 120?
35
Calculate the remainder when 477 is divided by 385.
92
What is the remainder when 8550 is divided by 2567?
849
What is the remainder when 343881 is divided by 203?
202
What is the remainder when 21922 is divided by 108?
106
Calculate the remainder when 2495 is divided by 2194.
301
Calculate the remainder when 8746 is divided by 44.
34
What is the remainder when 4913 is divided by 176?
161
What is the remainder when 40453 is divided by 2695?
28
What is the remainder when 2993 is divided by 984?
41
What is the remainder when 96170 is divided by 32035?
65
Calculate the remainder when 83132 is divided by 321.
314
Calculate the remainder when 52994 is divided by 52972.
22
What is the remainder when 3241 is divided by 1584?
73
Calculate the remainder when 31293 is divided by 1251.
18
What is the remainder when 1874 is divided by 43?
25
Calculate the remainder when 1157576 is divided by 5.
1
What is the remainder when 565997 is divided by 3?
2
What is the remainder when 1823 is divided by 900?
23
What is the remainder when 8733 is divided by 27?
12
Calculate the remainder when 24942 is divided by 95.
52
What is the remainder when 62461 is divided by 15570?
181
Calculate the remainder when 5858 is divided by 1947.
17
Calculate the remainder when 269426 is divided by 349.
347
Calculate the remainder when 625 is divided by 44.
9
What is the remainder when 476 is divided by 12?
8
Calculate the remainder when 372329 is divided by 65.
9
Calculate the remainder when 2489 is divided by 1190.
109
Calculate the remainder when 1715838 is divided by 16.
14
What is the remainder when 197819 is divided by 197809?
10
What is the remainder when 581 is divided by 293?
288
Calculate the remainder when 79206 is divided by 180.
6
Calculate the remainder when 351421 is divided by 29.
28
What is the remainder when 498628 is divided by 66?
64
Calculate the remainder when 4296 is divided by 2840.
1456
What is the remainder when 6100 is divided by 18?
16
Calculate the remainder when 5676783 is divided by 18.
15
Calculate the remainder when 112953 is divided by 68.
5
What is the remainder when 3940 is divided by 784?
20
Calculate the remainder when 2401 is divided by 113.
28
Calculate the remainder when 7866 is divided by 48.
42
What is the remainder when 1888 is divided by 310?
28
Calculate the remainder when 5692 is divided by 5678.
14
Calculate the remainder when 640605 is divided by 711.
705
Calculate the 